at is the remainder when 11889 is divided by 11883?
6
Calculate the remainder when 15326 is divided by 857.
757
Calculate the remainder when 1193 is divided by 63.
59
What is the remainder when 20130 is divided by 10065?
0
Calculate the remainder when 53469 is divided by 17814.
27
Calculate the remainder when 23514 is divided by 99.
51
Calculate the remainder when 7768 is divided by 228.
16
What is the remainder when 1070 is divided by 153?
152
What is the remainder when 32492 is divided by 1412?
16
Calculate the remainder when 3711 is divided by 156.
123
Calculate the remainder when 144300 is divided by 54.
12
What is the remainder when 21078 is divided by 124?
122
What is the remainder when 1523917 is divided by 225?
217
Calculate the remainder when 151874 is divided by 67.
52
What is the remainder when 981 is divided by 513?
468
What is the remainder when 5447 is divided by 1086?
17
Calculate the remainder when 24967 is divided by 612.
487
Calculate the remainder when 19605 is divided by 6530.
15
What is the remainder when 3123 is divided by 313?
306
Calculate the remainder when 4247 is divided by 1372.
131
Calculate the remainder when 4103 is divided by 4076.
27
Calculate the remainder when 13020 is divided by 32.
28
What is the remainder when 201730 is divided by 334?
328
What is the remainder when 45022 is divided by 242?
10
Calculate the remainder when 7854 is divided by 735.
504
What is the remainder when 25088 is divided by 3135?
8
What is the remainder when 528185 is divided by 666?
47
Calculate the remainder when 718482 is divided by 48.
18
What is the remainder when 2193 is divided by 380?
293
Calculate the remainder when 1618 is divided by 101.
2
What is the remainder when 23639 is divided by 23633?
6
Calculate the remainder when 6537 is divided by 234.
219
What is the remainder when 2748 is divided by 2450?
298
Calculate the remainder when 148416 is divided by 1413.
51
What is the remainder when 848 is divided by 310?
228
What is the remainder when 4060 is divided by 373?
330
Calculate the remainder when 118738 is divided by 362.
2
What is the remainder when 354248 is divided by 16?
8
Calculate the remainder when 15549 is divided by 679.
611
What is the remainder when 1688 is divided by 15?
8
What is the remainder when 205154 is divided by 82?
72
What is the remainder when 3149 is divided by 392?
13
What is the remainder when 713 is divided by 47?
8
Calculate the remainder when 1979 is divided by 402.
371
Calculate the remainder when 86854 is divided by 47.
45
Calculate the remainder when 55507 is divided by 64.
19
What is the remainder when 983 is divided by 324?
11
What is the remainder when 18326 is divided by 18020?
306
Calculate the remainder when 22766 is divided by 484.
18
Calculate the remainder when 2806 is divided by 83.
67
What is the remainder when 2945380 is divided by 333?
328
Calculate the remainder when 444978 is divided by 95.
93
Calculate the remainder when 21316 is divided by 4248.
76
Calculate the remainder when 2427 is divided by 82.
49
What is the remainder when 7460 is divided by 746?
0
Calculate the remainder when 179648 is divided by 66.
62
What is the remainder when 52589 is divided by 266?
187
What is the remainder when 136043 is divided by 449?
445
Calculate the remainder when 15801 is divided by 5256.
33
What is the remainder when 909786 is divided by 27?
21
What is the remainder when 362694 is divided by 85?
84
What is the remainder when 2561 is divided by 783?
212
Calculate the remainder when 616966 is divided by 82.
80
Calculate the remainder when 2175408 is divided by 23.
22
Calculate the remainder when 7675 is divided by 1223.
337
What is the remainder when 17338 is divided by 366?
136
What is the remainder when 34728 is divided by 34720?
8
What is the remainder when 78561 is divided by 11221?
14
Calculate the remainder when 1313305 is divided by 4156.
9
What is the remainder when 9929 is divided by 21?
17
What is the remainder when 85691 is divided by 18?
11
What is the remainder when 10242 is divided by 5095?
52
What is the remainder when 16039 is divided by 47?
12
What is the remainder when 3716 is divided by 2554?
1162
What is the remainder when 100693 is divided by 199?
198
Calculate the remainder when 245650 is divided by 477.
472
What is the remainder when 4198 is divided by 821?
93
What is the remainder when 1608 is divided by 123?
9
Calculate the remainder when 208097 is divided by 22.
21
What is the remainder when 10096 is divided by 70?
16
Calculate the remainder when 243961 is divided by 75.
61
Calculate the remainder when 81612 is divided by 89.
88
What is the remainder when 772 is divided by 369?
34
Calculate the remainder when 19703 is divided by 98.
5
What is the remainder when 1045256 is divided by 123?
2
Calculate the remainder when 1591 is divided by 87.
25
Calculate the remainder when 1871 is divided by 352.
111
Calculate the remainder when 8269 is divided by 96.
13
Calculate the remainder when 8054 is divided by 64.
54
Calculate the remainder when 307133 is divided by 273.
8
Calculate the remainder when 2715 is divided by 2574.
141
What is the remainder when 130913 is divided by 289?
285
Calculate the remainder when 32735 is divided by 186.
185
What is the remainder when 12128 is divided by 1115?
978
Calculate the remainder when 25225 is divided by 83.
76
Calculate the remainder when 5453 is divided by 1298.
261
What is the remainder when 12856 is divided by 305?
46
What is the remainder when 132198 is divided by 66077?
44
Calculate the remainder when 15806 is divided by 5265.
11
Calculate the remainder when 3881 is divided by 1902.
77
Calculate the remainder when 704 is divided by 41.
7
Calculate the remainder when 1654 is divided by 818.
18
What is the remainder when 158680 is divided by 355?
350
Calculate the remainder when 8396 is divided by 8.
4
What is the remainder when 2830 is divided by 876?
202
What is the remainder when 5324 is divided by 2335?
654
What is the remainder when 261537 is divided by 251?
246
What is the remainder when 29523 is divided by 484?
483
Calculate the remainder when 7223 is divided by 551.
60
Calculate the remainder when 777 is divided by 146.
47
What is the remainder when 23705 is divided by 2359?
115
Calculate the remainder when 8483 is divided by 2732.
287
Calculate the remainder when 21908 is divided by 497.
40
Calculate the remainder when 2278 is divided by 383.
363
What is the remainder when 5759 is divided by 36?
35
Calculate the remainder when 59895 is divided by 57.
45
What is the remainder when 4560 is divided by 898?
70
Calculate the remainder when 89649 is divided by 11.
10
Calculate the remainder when 361710 is divided by 3.
0
What is the remainder when 8686 is divided by 2107?
258
What is the remainder when 3219 is divided by 20?
19
What is the remainder when 394189 is divided by 16?
13
Calculate the remainder when 5041 is divided by 52.
49
What is the remainder when 43916 is divided by 261?
68
What is the remainder when 21596 is divided by 180?
176
Calculate the remainder when 3086 is divided by 1515.
56
Calculate the remainder when 10313 is divided by 93.
83
Calculate the remainder when 7466 is divided by 5918.
1548
What is the remainder when 191998 is divided by 113?
11
Calculate the remainder when 10994 is divided by 10854.
140
Calculate the remainder when 1829 is divided by 535.
224
What is the remainder when 11286 is divided by 2255?
11
Calculate the remainder when 1931746 is divided by 244.
242
What is the remainder when 2557 is divided by 793?
178
Calculate the remainder when 59589 is divided by 1653.
81
What is the remainder when 4049 is divided by 2021?
7
Calculate the remainder when 148688 is divided by 74338.
12
What is the remainder when 44082 is divided by 103?
101
Calculate the remainder when 7097 is divided by 737.
464
Calculate the remainder when 1870 is divided by 314.
300
Calculate the remainder when 622258 is divided by 1.
0
What is the remainder when 1156 is divided by 21?
1
Calculate the remainder when 243 is divided by 14.
5
What is the remainder when 11125 is divided by 11096?
29
What is the remainder when 26354 is divided by 8766?
56
What is the remainder when 30490 is divided by 1132?
1058
What is t